[INFO] cloning repository https://github.com/AnyLeaf/preflight
[INFO] running `Command { std: "git" "-c" "credential.helper=" "-c" "credential.helper=/workspace/cargo-home/bin/git-credential-null" "clone" "--bare" "https://github.com/AnyLeaf/preflight" "/workspace/cache/git-repos/https%3A%2F%2Fgithub.com%2FAnyLeaf%2Fpreflight", kill_on_drop: false }`
[INFO] [stderr] Cloning into bare repository '/workspace/cache/git-repos/https%3A%2F%2Fgithub.com%2FAnyLeaf%2Fpreflight'...
[INFO] running `Command { std: "git" "rev-parse" "HEAD", kill_on_drop: false }`
[INFO] [stdout] d8d79f1d5432279d3c352f65cb51bc5875342862
[INFO] checking AnyLeaf/preflight against master#9610dfe5a9a731ced1ea4923ecbd0c57fe367898 for beta-170-4
[INFO] running `Command { std: "git" "clone" "/workspace/cache/git-repos/https%3A%2F%2Fgithub.com%2FAnyLeaf%2Fpreflight" "/workspace/builds/worker-3-tc1/source", kill_on_drop: false }`
[INFO] [stderr] Cloning into '/workspace/builds/worker-3-tc1/source'...
[INFO] [stderr] done.
[INFO] validating manifest of git repo https://github.com/AnyLeaf/preflight on toolchain 9610dfe5a9a731ced1ea4923ecbd0c57fe367898
[INFO] running `Command { std: CARGO_HOME="/workspace/cargo-home" RUSTUP_HOME="/workspace/rustup-home" "/workspace/cargo-home/bin/cargo" "+9610dfe5a9a731ced1ea4923ecbd0c57fe367898" "metadata" "--manifest-path" "Cargo.toml" "--no-deps", kill_on_drop: false }`
[INFO] started tweaking git repo https://github.com/AnyLeaf/preflight
[INFO] finished tweaking git repo https://github.com/AnyLeaf/preflight
[INFO] tweaked toml for git repo https://github.com/AnyLeaf/preflight written to /workspace/builds/worker-3-tc1/source/Cargo.toml
[INFO] crate git repo https://github.com/AnyLeaf/preflight already has a lockfile, it will not be regenerated
[INFO] running `Command { std: CARGO_HOME="/workspace/cargo-home" RUSTUP_HOME="/workspace/rustup-home" "/workspace/cargo-home/bin/cargo" "+9610dfe5a9a731ced1ea4923ecbd0c57fe367898" "fetch" "--manifest-path" "Cargo.toml", kill_on_drop: false }`
[INFO] [stderr]     Updating crates.io index
[INFO] [stderr]  Downloading crates ...
[INFO] [stderr]   Downloaded pear v0.1.5
[INFO] [stderr]   Downloaded pear_codegen v0.1.5
[INFO] [stderr]   Downloaded devise v0.2.1
[INFO] [stderr]   Downloaded libudev v0.3.0
[INFO] [stderr]   Downloaded cookie v0.11.4
[INFO] [stderr]   Downloaded devise_core v0.2.1
[INFO] [stderr]   Downloaded rocket_http v0.4.11
[INFO] [stderr]   Downloaded devise_codegen v0.2.1
[INFO] [stderr]   Downloaded rocket_codegen v0.4.11
[INFO] [stderr]   Downloaded indexmap v1.9.0
[INFO] [stderr]   Downloaded state v0.4.2
[INFO] [stderr]   Downloaded rocket_contrib v0.4.11
[INFO] [stderr]   Downloaded rocket v0.4.11
[INFO] [stderr]   Downloaded local_ipaddress v0.1.3
[INFO] [stderr]   Downloaded nix v0.24.1
[INFO] running `Command { std: "docker" "create" "-v" "/var/lib/crater-agent-workspace/builds/worker-3-tc1/target:/opt/rustwide/target:rw,Z" "-v" "/var/lib/crater-agent-workspace/builds/worker-3-tc1/source:/opt/rustwide/workdir:ro,Z" "-v" "/var/lib/crater-agent-workspace/cargo-home:/opt/rustwide/cargo-home:ro,Z" "-v" "/var/lib/crater-agent-workspace/rustup-home:/opt/rustwide/rustup-home:ro,Z" "-e" "SOURCE_DIR=/opt/rustwide/workdir" "-e" "CARGO_TARGET_DIR=/opt/rustwide/target" "-e" "CARGO_HOME=/opt/rustwide/cargo-home" "-e" "RUSTUP_HOME=/opt/rustwide/rustup-home" "-w" "/opt/rustwide/workdir" "-m" "1610612736" "--user" "0:0" "--network" "none" "ghcr.io/rust-lang/crates-build-env/linux@sha256:19e73879b68f455e41552ea35293514db52ea292d993f571636dbffedb77a1ee" "/opt/rustwide/cargo-home/bin/cargo" "+9610dfe5a9a731ced1ea4923ecbd0c57fe367898" "metadata" "--no-deps" "--format-version=1", kill_on_drop: false }`
[INFO] [stdout] de13408eae6bc03a5cea57c345f7469e18766945893f53763f1db866daefab5c
[INFO] running `Command { std: "docker" "start" "-a" "de13408eae6bc03a5cea57c345f7469e18766945893f53763f1db866daefab5c", kill_on_drop: false }`
[INFO] running `Command { std: "docker" "inspect" "de13408eae6bc03a5cea57c345f7469e18766945893f53763f1db866daefab5c", kill_on_drop: false }`
[INFO] running `Command { std: "docker" "rm" "-f" "de13408eae6bc03a5cea57c345f7469e18766945893f53763f1db866daefab5c", kill_on_drop: false }`
[INFO] [stdout] de13408eae6bc03a5cea57c345f7469e18766945893f53763f1db866daefab5c
[INFO] running `Command { std: "docker" "create" "-v" "/var/lib/crater-agent-workspace/builds/worker-3-tc1/target:/opt/rustwide/target:rw,Z" "-v" "/var/lib/crater-agent-workspace/builds/worker-3-tc1/source:/opt/rustwide/workdir:ro,Z" "-v" "/var/lib/crater-agent-workspace/cargo-home:/opt/rustwide/cargo-home:ro,Z" "-v" "/var/lib/crater-agent-workspace/rustup-home:/opt/rustwide/rustup-home:ro,Z" "-e" "SOURCE_DIR=/opt/rustwide/workdir" "-e" "CARGO_TARGET_DIR=/opt/rustwide/target" "-e" "CARGO_INCREMENTAL=0" "-e" "RUST_BACKTRACE=full" "-e" "RUSTFLAGS=--cap-lints=forbid" "-e" "RUSTDOCFLAGS=--cap-lints=forbid" "-e" "CARGO_HOME=/opt/rustwide/cargo-home" "-e" "RUSTUP_HOME=/opt/rustwide/rustup-home" "-w" "/opt/rustwide/workdir" "-m" "1610612736" "--user" "0:0" "--network" "none" "ghcr.io/rust-lang/crates-build-env/linux@sha256:19e73879b68f455e41552ea35293514db52ea292d993f571636dbffedb77a1ee" "/opt/rustwide/cargo-home/bin/cargo" "+9610dfe5a9a731ced1ea4923ecbd0c57fe367898" "check" "--frozen" "--all" "--all-targets" "--message-format=json", kill_on_drop: false }`
[INFO] [stdout] 2a4cecd1c91feb86abfc459b3faabc4c66dd89716aba643577e1e31f42599b1f
[INFO] running `Command { std: "docker" "start" "-a" "2a4cecd1c91feb86abfc459b3faabc4c66dd89716aba643577e1e31f42599b1f", kill_on_drop: false }`
[INFO] [stderr]     Blocking waiting for file lock on package cache
[INFO] [stderr]     Blocking waiting for file lock on package cache
[INFO] [stderr]    Compiling libc v0.2.126
[INFO] [stderr]    Compiling typenum v1.15.0
[INFO] [stderr]    Compiling generic-array v0.14.5
[INFO] [stderr]    Compiling log v0.4.17
[INFO] [stderr]    Compiling autocfg v1.1.0
[INFO] [stderr]    Compiling proc-macro2 v0.4.30
[INFO] [stderr]    Compiling unicode-xid v0.1.0
[INFO] [stderr]    Compiling yansi v0.5.1
[INFO] [stderr]    Compiling syn v0.15.44
[INFO] [stderr]    Compiling proc-macro2 v1.0.40
[INFO] [stderr]    Compiling quote v1.0.20
[INFO] [stderr]     Checking subtle v2.4.1
[INFO] [stderr]    Compiling unicode-ident v1.0.1
[INFO] [stderr]    Compiling httparse v1.7.1
[INFO] [stderr]    Compiling syn v1.0.98
[INFO] [stderr]    Compiling tinyvec_macros v0.1.0
[INFO] [stderr]    Compiling cfg-if v1.0.0
[INFO] [stderr]    Compiling tinyvec v1.6.0
[INFO] [stderr]    Compiling serde_derive v1.0.137
[INFO] [stderr]    Compiling pear_codegen v0.1.5
[INFO] [stderr]    Compiling unicode-bidi v0.3.8
[INFO] [stderr]    Compiling matches v0.1.9
[INFO] [stderr]     Checking cpuid-bool v0.2.0
[INFO] [stderr]    Compiling log v0.3.9
[INFO] [stderr]    Compiling indexmap v1.9.0
[INFO] [stderr]    Compiling bitflags v1.3.2
[INFO] [stderr]    Compiling byteorder v1.4.3
[INFO] [stderr]    Compiling percent-encoding v1.0.1
[INFO] [stderr]    Compiling safemem v0.3.3
[INFO] [stderr]    Compiling serde v1.0.137
[INFO] [stderr]    Compiling mime v0.2.6
[INFO] [stderr]    Compiling base64 v0.9.3
[INFO] [stderr]    Compiling percent-encoding v2.1.0
[INFO] [stderr]    Compiling pkg-config v0.3.25
[INFO] [stderr]     Checking cpufeatures v0.2.2
[INFO] [stderr]    Compiling quote v0.6.13
[INFO] [stderr]    Compiling typeable v0.1.2
[INFO] [stderr]    Compiling time v0.1.44
[INFO] [stderr]     Checking unicode-normalization v0.1.19
[INFO] [stderr]    Compiling num_cpus v1.13.1
[INFO] [stderr]    Compiling traitobject v0.1.0
[INFO] [stderr]    Compiling language-tags v0.2.2
[INFO] [stderr]    Compiling hashbrown v0.12.1
[INFO] [stderr]    Compiling num-traits v0.2.15
[INFO] [stderr]    Compiling cookie v0.11.4
[INFO] [stderr]    Compiling rocket_codegen v0.4.11
[INFO] [stderr]    Compiling smallvec v1.8.0
[INFO] [stderr]     Checking getrandom v0.2.7
[INFO] [stderr]    Compiling libudev-sys v0.1.4
[INFO] [stderr]     Checking iovec v0.1.4
[INFO] [stderr]     Checking net2 v0.2.37
[INFO] [stderr]     Checking slab v0.4.6
[INFO] [stderr]     Checking cipher v0.2.5
[INFO] [stderr]     Checking digest v0.9.0
[INFO] [stderr]     Checking universal-hash v0.4.1
[INFO] [stderr]     Checking rand_core v0.6.3
[INFO] [stderr]     Checking crypto-mac v0.10.1
[INFO] [stderr]     Checking idna v0.1.5
[INFO] [stderr]     Checking polyval v0.4.5
[INFO] [stderr]     Checking aes-soft v0.6.4
[INFO] [stderr]     Checking hmac v0.10.1
[INFO] [stderr]     Checking ctr v0.6.0
[INFO] [stderr]     Checking aead v0.3.2
[INFO] [stderr]     Checking block-buffer v0.9.0
[INFO] [stderr]    Compiling state v0.4.2
[INFO] [stderr]     Checking mio v0.6.23
[INFO] [stderr]     Checking rand_chacha v0.3.1
[INFO] [stderr]     Checking sha2 v0.9.9
[INFO] [stderr]     Checking ghash v0.3.1
[INFO] [stderr]     Checking inotify-sys v0.1.5
[INFO] [stderr]     Checking hkdf v0.10.0
[INFO] [stderr]    Compiling num-integer v0.1.45
[INFO] [stderr]    Compiling rocket v0.4.11
[INFO] [stderr]    Compiling serde_json v1.0.81
[INFO] [stderr]     Checking lazycell v1.3.0
[INFO] [stderr]     Checking aes v0.6.0
[INFO] [stderr]     Checking rand v0.8.5
[INFO] [stderr]     Checking aes-gcm v0.8.0
[INFO] [stderr]     Checking same-file v1.0.6
[INFO] [stderr]     Checking url v1.7.2
[INFO] [stderr]    Compiling glob v0.3.0
[INFO] [stderr]     Checking walkdir v2.3.2
[INFO] [stderr]     Checking inotify v0.7.1
[INFO] [stderr]     Checking atty v0.2.14
[INFO] [stderr]     Checking filetime v0.2.16
[INFO] [stderr]     Checking itoa v1.0.2
[INFO] [stderr]     Checking ryu v1.0.10
[INFO] [stderr]     Checking libudev v0.3.0
[INFO] [stderr]     Checking nix v0.24.1
[INFO] [stderr]     Checking local_ipaddress v0.1.3
[INFO] [stderr]     Checking mio-extras v2.0.6
[INFO] [stderr]     Checking hyper v0.10.16
[INFO] [stderr]     Checking notify v4.0.17
[INFO] [stderr]     Checking chrono v0.4.19
[INFO] [stderr]    Compiling num_enum_derive v0.5.7
[INFO] [stderr]     Checking serialport v4.2.0
[INFO] [stderr]     Checking num_enum v0.5.7
[INFO] [stderr]    Compiling devise_core v0.2.1
[INFO] [stderr]    Compiling devise_codegen v0.2.1
[INFO] [stderr]    Compiling devise v0.2.1
[INFO] [stderr]    Compiling pear v0.1.5
[INFO] [stderr]     Checking rocket_http v0.4.11
[INFO] [stderr]     Checking toml v0.4.10
[INFO] [stderr]     Checking rocket_contrib v0.4.11
[INFO] [stderr]     Checking preflight v1.0.0 (/opt/rustwide/workdir)
[INFO] [stdout] error[E0425]: cannot find value `CRC_LUT` in this scope
[INFO] [stdout]    --> src/main.rs:301:14
[INFO] [stdout]     |
[INFO] [stdout] 301 |             &CRC_LUT,
[INFO] [stdout]     |              ^^^^^^^ not found in this scope
[INFO] [stdout]     |
[INFO] [stdout] note: constant `crate::types::CRC_LUT` exists but is inaccessible
[INFO] [stdout]    --> src/types.rs:6:1
[INFO] [stdout]     |
[INFO] [stdout] 6   | const CRC_LUT: [u8; 256] = crc_init(CRC_POLY);
[INFO] [stdout]     | ^^^^^^^^^^^^^^^^^^^^^^^^^^^^^^^^^^^^^^^^^^^^^^ not accessible
[INFO] [stdout] 
[INFO] [stdout] 
[INFO] [stdout] error[E0425]: cannot find value `CRC_LUT` in this scope
[INFO] [stdout]    --> src/main.rs:341:14
[INFO] [stdout]     |
[INFO] [stdout] 341 |             &CRC_LUT,
[INFO] [stdout]     |              ^^^^^^^ not found in this scope
[INFO] [stdout]     |
[INFO] [stdout] note: constant `crate::types::CRC_LUT` exists but is inaccessible
[INFO] [stdout]    --> src/types.rs:6:1
[INFO] [stdout]     |
[INFO] [stdout] 6   | const CRC_LUT: [u8; 256] = crc_init(CRC_POLY);
[INFO] [stdout]     | ^^^^^^^^^^^^^^^^^^^^^^^^^^^^^^^^^^^^^^^^^^^^^^ not accessible
[INFO] [stdout] 
[INFO] [stdout] 
[INFO] [stdout] error[E0425]: cannot find value `CRC_LUT` in this scope
[INFO] [stdout]    --> src/main.rs:359:14
[INFO] [stdout]     |
[INFO] [stdout] 359 |             &CRC_LUT,
[INFO] [stdout]     |              ^^^^^^^ not found in this scope
[INFO] [stdout]     |
[INFO] [stdout] note: constant `crate::types::CRC_LUT` exists but is inaccessible
[INFO] [stdout]    --> src/types.rs:6:1
[INFO] [stdout]     |
[INFO] [stdout] 6   | const CRC_LUT: [u8; 256] = crc_init(CRC_POLY);
[INFO] [stdout]     | ^^^^^^^^^^^^^^^^^^^^^^^^^^^^^^^^^^^^^^^^^^^^^^ not accessible
[INFO] [stdout] 
[INFO] [stdout] 
[INFO] [stdout] error[E0425]: cannot find value `CRC_LUT` in this scope
[INFO] [stdout]    --> src/main.rs:378:14
[INFO] [stdout]     |
[INFO] [stdout] 378 |             &CRC_LUT,
[INFO] [stdout]     |              ^^^^^^^ not found in this scope
[INFO] [stdout]     |
[INFO] [stdout] note: constant `crate::types::CRC_LUT` exists but is inaccessible
[INFO] [stdout]    --> src/types.rs:6:1
[INFO] [stdout]     |
[INFO] [stdout] 6   | const CRC_LUT: [u8; 256] = crc_init(CRC_POLY);
[INFO] [stdout]     | ^^^^^^^^^^^^^^^^^^^^^^^^^^^^^^^^^^^^^^^^^^^^^^ not accessible
[INFO] [stdout] 
[INFO] [stdout] 
[INFO] [stdout] error[E0425]: cannot find value `CRC_LUT` in this scope
[INFO] [stdout]    --> src/main.rs:413:14
[INFO] [stdout]     |
[INFO] [stdout] 413 |             &CRC_LUT,
[INFO] [stdout]     |              ^^^^^^^ not found in this scope
[INFO] [stdout]     |
[INFO] [stdout] note: constant `crate::types::CRC_LUT` exists but is inaccessible
[INFO] [stdout]    --> src/types.rs:6:1
[INFO] [stdout]     |
[INFO] [stdout] 6   | const CRC_LUT: [u8; 256] = crc_init(CRC_POLY);
[INFO] [stdout]     | ^^^^^^^^^^^^^^^^^^^^^^^^^^^^^^^^^^^^^^^^^^^^^^ not accessible
[INFO] [stdout] 
[INFO] [stdout] 
[INFO] [stdout] error[E0425]: cannot find value `CRC_LUT` in this scope
[INFO] [stdout]    --> src/main.rs:426:14
[INFO] [stdout]     |
[INFO] [stdout] 426 |             &CRC_LUT,
[INFO] [stdout]     |              ^^^^^^^ not found in this scope
[INFO] [stdout]     |
[INFO] [stdout] note: constant `crate::types::CRC_LUT` exists but is inaccessible
[INFO] [stdout]    --> src/types.rs:6:1
[INFO] [stdout]     |
[INFO] [stdout] 6   | const CRC_LUT: [u8; 256] = crc_init(CRC_POLY);
[INFO] [stdout]     | ^^^^^^^^^^^^^^^^^^^^^^^^^^^^^^^^^^^^^^^^^^^^^^ not accessible
[INFO] [stdout] 
[INFO] [stdout] 
[INFO] [stdout] error[E0425]: cannot find value `CRC_LUT` in this scope
[INFO] [stdout]    --> src/main.rs:440:14
[INFO] [stdout]     |
[INFO] [stdout] 440 |             &CRC_LUT,
[INFO] [stdout]     |              ^^^^^^^ not found in this scope
[INFO] [stdout]     |
[INFO] [stdout] note: constant `crate::types::CRC_LUT` exists but is inaccessible
[INFO] [stdout]    --> src/types.rs:6:1
[INFO] [stdout]     |
[INFO] [stdout] 6   | const CRC_LUT: [u8; 256] = crc_init(CRC_POLY);
[INFO] [stdout]     | ^^^^^^^^^^^^^^^^^^^^^^^^^^^^^^^^^^^^^^^^^^^^^^ not accessible
[INFO] [stdout] 
[INFO] [stdout] 
[INFO] [stdout] error[E0425]: cannot find value `CRC_LUT` in this scope
[INFO] [stdout]    --> src/main.rs:453:14
[INFO] [stdout]     |
[INFO] [stdout] 453 |             &CRC_LUT,
[INFO] [stdout]     |              ^^^^^^^ not found in this scope
[INFO] [stdout]     |
[INFO] [stdout] note: constant `crate::types::CRC_LUT` exists but is inaccessible
[INFO] [stdout]    --> src/types.rs:6:1
[INFO] [stdout]     |
[INFO] [stdout] 6   | const CRC_LUT: [u8; 256] = crc_init(CRC_POLY);
[INFO] [stdout]     | ^^^^^^^^^^^^^^^^^^^^^^^^^^^^^^^^^^^^^^^^^^^^^^ not accessible
[INFO] [stdout] 
[INFO] [stdout] 
[INFO] [stdout] error[E0425]: cannot find value `CRC_LUT` in this scope
[INFO] [stdout]    --> src/main.rs:466:14
[INFO] [stdout]     |
[INFO] [stdout] 466 |             &CRC_LUT,
[INFO] [stdout]     |              ^^^^^^^ not found in this scope
[INFO] [stdout]     |
[INFO] [stdout] note: constant `crate::types::CRC_LUT` exists but is inaccessible
[INFO] [stdout]    --> src/types.rs:6:1
[INFO] [stdout]     |
[INFO] [stdout] 6   | const CRC_LUT: [u8; 256] = crc_init(CRC_POLY);
[INFO] [stdout]     | ^^^^^^^^^^^^^^^^^^^^^^^^^^^^^^^^^^^^^^^^^^^^^^ not accessible
[INFO] [stdout] 
[INFO] [stdout] 
[INFO] [stdout] error[E0425]: cannot find value `CRC_LUT` in this scope
[INFO] [stdout]    --> src/main.rs:652:28
[INFO] [stdout]     |
[INFO] [stdout] 652 |     crc_init(unsafe { &mut CRC_LUT }, CRC_POLY);
[INFO] [stdout]     |                            ^^^^^^^ not found in this scope
[INFO] [stdout]     |
[INFO] [stdout] note: constant `crate::types::CRC_LUT` exists but is inaccessible
[INFO] [stdout]    --> src/types.rs:6:1
[INFO] [stdout]     |
[INFO] [stdout] 6   | const CRC_LUT: [u8; 256] = crc_init(CRC_POLY);
[INFO] [stdout]     | ^^^^^^^^^^^^^^^^^^^^^^^^^^^^^^^^^^^^^^^^^^^^^^ not accessible
[INFO] [stdout] 
[INFO] [stdout] 
[INFO] [stdout] error[E0425]: cannot find value `CRC_POLY` in this scope
[INFO] [stdout]    --> src/main.rs:652:39
[INFO] [stdout]     |
[INFO] [stdout] 652 |     crc_init(unsafe { &mut CRC_LUT }, CRC_POLY);
[INFO] [stdout]     |                                       ^^^^^^^^ not found in this scope
[INFO] [stdout]     |
[INFO] [stdout] note: constant `crate::types::CRC_POLY` exists but is inaccessible
[INFO] [stdout]    --> src/types.rs:5:1
[INFO] [stdout]     |
[INFO] [stdout] 5   | const CRC_POLY: u8 = 0xab;
[INFO] [stdout]     | ^^^^^^^^^^^^^^^^^^^^^^^^^^ not accessible
[INFO] [stdout] 
[INFO] [stdout] 
[INFO] [stdout] warning: unused import: `mem`
[INFO] [stdout]   --> src/main.rs:25:5
[INFO] [stdout]    |
[INFO] [stdout] 25 |     mem, thread,
[INFO] [stdout]    |     ^^^
[INFO] [stdout]    |
[INFO] [stdout]    = note: `#[warn(unused_imports)]` on by default
[INFO] [stdout] 
[INFO] [stdout] 
[INFO] [stdout] error[E0425]: cannot find value `CRC_LUT` in this scope
[INFO] [stdout]    --> src/main.rs:301:14
[INFO] [stdout]     |
[INFO] [stdout] 301 |             &CRC_LUT,
[INFO] [stdout]     |              ^^^^^^^ not found in this scope
[INFO] [stdout]     |
[INFO] [stdout] note: constant `crate::types::CRC_LUT` exists but is inaccessible
[INFO] [stdout]    --> src/types.rs:6:1
[INFO] [stdout]     |
[INFO] [stdout] 6   | const CRC_LUT: [u8; 256] = crc_init(CRC_POLY);
[INFO] [stdout]     | ^^^^^^^^^^^^^^^^^^^^^^^^^^^^^^^^^^^^^^^^^^^^^^ not accessible
[INFO] [stdout] 
[INFO] [stdout] 
[INFO] [stdout] error[E0425]: cannot find value `CRC_LUT` in this scope
[INFO] [stdout]    --> src/main.rs:341:14
[INFO] [stdout]     |
[INFO] [stdout] 341 |             &CRC_LUT,
[INFO] [stdout]     |              ^^^^^^^ not found in this scope
[INFO] [stdout]     |
[INFO] [stdout] note: constant `crate::types::CRC_LUT` exists but is inaccessible
[INFO] [stdout]    --> src/types.rs:6:1
[INFO] [stdout]     |
[INFO] [stdout] 6   | const CRC_LUT: [u8; 256] = crc_init(CRC_POLY);
[INFO] [stdout]     | ^^^^^^^^^^^^^^^^^^^^^^^^^^^^^^^^^^^^^^^^^^^^^^ not accessible
[INFO] [stdout] 
[INFO] [stdout] 
[INFO] [stdout] error[E0425]: cannot find value `CRC_LUT` in this scope
[INFO] [stdout]    --> src/main.rs:359:14
[INFO] [stdout]     |
[INFO] [stdout] 359 |             &CRC_LUT,
[INFO] [stdout]     |              ^^^^^^^ not found in this scope
[INFO] [stdout]     |
[INFO] [stdout] note: constant `crate::types::CRC_LUT` exists but is inaccessible
[INFO] [stdout]    --> src/types.rs:6:1
[INFO] [stdout]     |
[INFO] [stdout] 6   | const CRC_LUT: [u8; 256] = crc_init(CRC_POLY);
[INFO] [stdout]     | ^^^^^^^^^^^^^^^^^^^^^^^^^^^^^^^^^^^^^^^^^^^^^^ not accessible
[INFO] [stdout] 
[INFO] [stdout] 
[INFO] [stdout] error[E0425]: cannot find value `CRC_LUT` in this scope
[INFO] [stdout]    --> src/main.rs:378:14
[INFO] [stdout]     |
[INFO] [stdout] 378 |             &CRC_LUT,
[INFO] [stdout]     |              ^^^^^^^ not found in this scope
[INFO] [stdout]     |
[INFO] [stdout] note: constant `crate::types::CRC_LUT` exists but is inaccessible
[INFO] [stdout]    --> src/types.rs:6:1
[INFO] [stdout]     |
[INFO] [stdout] 6   | const CRC_LUT: [u8; 256] = crc_init(CRC_POLY);
[INFO] [stdout]     | ^^^^^^^^^^^^^^^^^^^^^^^^^^^^^^^^^^^^^^^^^^^^^^ not accessible
[INFO] [stdout] 
[INFO] [stdout] 
[INFO] [stdout] error[E0425]: cannot find value `CRC_LUT` in this scope
[INFO] [stdout]    --> src/main.rs:413:14
[INFO] [stdout]     |
[INFO] [stdout] 413 |             &CRC_LUT,
[INFO] [stdout]     |              ^^^^^^^ not found in this scope
[INFO] [stdout]     |
[INFO] [stdout] note: constant `crate::types::CRC_LUT` exists but is inaccessible
[INFO] [stdout]    --> src/types.rs:6:1
[INFO] [stdout]     |
[INFO] [stdout] 6   | const CRC_LUT: [u8; 256] = crc_init(CRC_POLY);
[INFO] [stdout]     | ^^^^^^^^^^^^^^^^^^^^^^^^^^^^^^^^^^^^^^^^^^^^^^ not accessible
[INFO] [stdout] 
[INFO] [stdout] 
[INFO] [stdout] error[E0425]: cannot find value `CRC_LUT` in this scope
[INFO] [stdout]    --> src/main.rs:426:14
[INFO] [stdout]     |
[INFO] [stdout] 426 |             &CRC_LUT,
[INFO] [stdout]     |              ^^^^^^^ not found in this scope
[INFO] [stdout]     |
[INFO] [stdout] note: constant `crate::types::CRC_LUT` exists but is inaccessible
[INFO] [stdout]    --> src/types.rs:6:1
[INFO] [stdout]     |
[INFO] [stdout] 6   | const CRC_LUT: [u8; 256] = crc_init(CRC_POLY);
[INFO] [stdout]     | ^^^^^^^^^^^^^^^^^^^^^^^^^^^^^^^^^^^^^^^^^^^^^^ not accessible
[INFO] [stdout] 
[INFO] [stdout] 
[INFO] [stdout] error[E0425]: cannot find value `CRC_LUT` in this scope
[INFO] [stdout]    --> src/main.rs:440:14
[INFO] [stdout]     |
[INFO] [stdout] 440 |             &CRC_LUT,
[INFO] [stdout]     |              ^^^^^^^ not found in this scope
[INFO] [stdout]     |
[INFO] [stdout] note: constant `crate::types::CRC_LUT` exists but is inaccessible
[INFO] [stdout]    --> src/types.rs:6:1
[INFO] [stdout]     |
[INFO] [stdout] 6   | const CRC_LUT: [u8; 256] = crc_init(CRC_POLY);
[INFO] [stdout]     | ^^^^^^^^^^^^^^^^^^^^^^^^^^^^^^^^^^^^^^^^^^^^^^ not accessible
[INFO] [stdout] 
[INFO] [stdout] 
[INFO] [stdout] error[E0425]: cannot find value `CRC_LUT` in this scope
[INFO] [stdout]    --> src/main.rs:453:14
[INFO] [stdout]     |
[INFO] [stdout] 453 |             &CRC_LUT,
[INFO] [stdout]     |              ^^^^^^^ not found in this scope
[INFO] [stdout]     |
[INFO] [stdout] note: constant `crate::types::CRC_LUT` exists but is inaccessible
[INFO] [stdout]    --> src/types.rs:6:1
[INFO] [stdout]     |
[INFO] [stdout] 6   | const CRC_LUT: [u8; 256] = crc_init(CRC_POLY);
[INFO] [stdout]     | ^^^^^^^^^^^^^^^^^^^^^^^^^^^^^^^^^^^^^^^^^^^^^^ not accessible
[INFO] [stdout] 
[INFO] [stdout] 
[INFO] [stdout] error[E0425]: cannot find value `CRC_LUT` in this scope
[INFO] [stdout]    --> src/main.rs:466:14
[INFO] [stdout]     |
[INFO] [stdout] 466 |             &CRC_LUT,
[INFO] [stdout]     |              ^^^^^^^ not found in this scope
[INFO] [stdout]     |
[INFO] [stdout] note: constant `crate::types::CRC_LUT` exists but is inaccessible
[INFO] [stdout]    --> src/types.rs:6:1
[INFO] [stdout]     |
[INFO] [stdout] 6   | const CRC_LUT: [u8; 256] = crc_init(CRC_POLY);
[INFO] [stdout]     | ^^^^^^^^^^^^^^^^^^^^^^^^^^^^^^^^^^^^^^^^^^^^^^ not accessible
[INFO] [stdout] 
[INFO] [stdout] 
[INFO] [stdout] error[E0425]: cannot find value `CRC_LUT` in this scope
[INFO] [stdout]    --> src/main.rs:652:28
[INFO] [stdout]     |
[INFO] [stdout] 652 |     crc_init(unsafe { &mut CRC_LUT }, CRC_POLY);
[INFO] [stdout]     |                            ^^^^^^^ not found in this scope
[INFO] [stdout]     |
[INFO] [stdout] note: constant `crate::types::CRC_LUT` exists but is inaccessible
[INFO] [stdout]    --> src/types.rs:6:1
[INFO] [stdout]     |
[INFO] [stdout] 6   | const CRC_LUT: [u8; 256] = crc_init(CRC_POLY);
[INFO] [stdout]     | ^^^^^^^^^^^^^^^^^^^^^^^^^^^^^^^^^^^^^^^^^^^^^^ not accessible
[INFO] [stdout] 
[INFO] [stdout] 
[INFO] [stdout] error[E0425]: cannot find value `CRC_POLY` in this scope
[INFO] [stdout]    --> src/main.rs:652:39
[INFO] [stdout]     |
[INFO] [stdout] 652 |     crc_init(unsafe { &mut CRC_LUT }, CRC_POLY);
[INFO] [stdout]     |                                       ^^^^^^^^ not found in this scope
[INFO] [stdout]     |
[INFO] [stdout] note: constant `crate::types::CRC_POLY` exists but is inaccessible
[INFO] [stdout]    --> src/types.rs:5:1
[INFO] [stdout]     |
[INFO] [stdout] 5   | const CRC_POLY: u8 = 0xab;
[INFO] [stdout]     | ^^^^^^^^^^^^^^^^^^^^^^^^^^ not accessible
[INFO] [stdout] 
[INFO] [stdout] 
[INFO] [stdout] warning: unused import: `mem`
[INFO] [stdout]   --> src/main.rs:25:5
[INFO] [stdout]    |
[INFO] [stdout] 25 |     mem, thread,
[INFO] [stdout]    |     ^^^
[INFO] [stdout]    |
[INFO] [stdout]    = note: `#[warn(unused_imports)]` on by default
[INFO] [stdout] 
[INFO] [stdout] 
[INFO] [stdout] warning: unused import: `chrono`
[INFO] [stdout]   --> src/main.rs:29:5
[INFO] [stdout]    |
[INFO] [stdout] 29 | use chrono;
[INFO] [stdout]    |     ^^^^^^
[INFO] [stdout] 
[INFO] [stdout] 
[INFO] [stdout] warning: unused import: `chrono`
[INFO] [stdout]   --> src/main.rs:29:5
[INFO] [stdout]    |
[INFO] [stdout] 29 | use chrono;
[INFO] [stdout]    |     ^^^^^^
[INFO] [stdout] 
[INFO] [stdout] 
[INFO] [stdout] error[E0599]: no associated item named `Left` found for struct `SetServoPositionData` in the current scope
[INFO] [stdout]    --> src/main.rs:239:29
[INFO] [stdout]     |
[INFO] [stdout] 225 | struct SetServoPositionData {
[INFO] [stdout]     | --------------------------- associated item `Left` not found for this struct
[INFO] [stdout] ...
[INFO] [stdout] 239 |             "left" => Self::Left,
[INFO] [stdout]     |                             ^^^^ associated item not found in `SetServoPositionData`
[INFO] [stdout] 
[INFO] [stdout] 
[INFO] [stdout] error[E0599]: no associated item named `Right` found for struct `SetServoPositionData` in the current scope
[INFO] [stdout]    --> src/main.rs:240:30
[INFO] [stdout]     |
[INFO] [stdout] 225 | struct SetServoPositionData {
[INFO] [stdout]     | --------------------------- associated item `Right` not found for this struct
[INFO] [stdout] ...
[INFO] [stdout] 240 |             "right" => Self::Right,
[INFO] [stdout]     |                              ^^^^^ associated item not found in `SetServoPositionData`
[INFO] [stdout] 
[INFO] [stdout] 
[INFO] [stdout] error[E0599]: no associated item named `Left` found for struct `SetServoPositionData` in the current scope
[INFO] [stdout]    --> src/main.rs:239:29
[INFO] [stdout]     |
[INFO] [stdout] 225 | struct SetServoPositionData {
[INFO] [stdout]     | --------------------------- associated item `Left` not found for this struct
[INFO] [stdout] ...
[INFO] [stdout] 239 |             "left" => Self::Left,
[INFO] [stdout]     |                             ^^^^ associated item not found in `SetServoPositionData`
[INFO] [stdout] 
[INFO] [stdout] 
[INFO] [stdout] error[E0599]: no associated item named `Right` found for struct `SetServoPositionData` in the current scope
[INFO] [stdout]    --> src/main.rs:240:30
[INFO] [stdout]     |
[INFO] [stdout] 225 | struct SetServoPositionData {
[INFO] [stdout]     | --------------------------- associated item `Right` not found for this struct
[INFO] [stdout] ...
[INFO] [stdout] 240 |             "right" => Self::Right,
[INFO] [stdout]     |                              ^^^^^ associated item not found in `SetServoPositionData`
[INFO] [stdout] 
[INFO] [stdout] 
[INFO] [stdout] error[E0063]: missing field `value` in initializer of `SetServoPositionData`
[INFO] [stdout]    --> src/main.rs:245:17
[INFO] [stdout]     |
[INFO] [stdout] 245 |         Success(Self {
[INFO] [stdout]     |                 ^^^^ missing `value`
[INFO] [stdout] 
[INFO] [stdout] 
[INFO] [stdout] error[E0063]: missing field `value` in initializer of `SetServoPositionData`
[INFO] [stdout]    --> src/main.rs:245:17
[INFO] [stdout]     |
[INFO] [stdout] 245 |         Success(Self {
[INFO] [stdout]     |                 ^^^^ missing `value`
[INFO] [stdout] 
[INFO] [stdout] 
[INFO] [stdout] error[E0061]: this method takes 2 arguments but 1 argument was supplied
[INFO] [stdout]    --> src/main.rs:598:12
[INFO] [stdout]     |
[INFO] [stdout] 598 |         fc.send_set_servo_posit_command(data);
[INFO] [stdout]     |            ^^^^^^^^^^^^^^^^^^^^^^^^^^^^------
[INFO] [stdout]     |                                        ||
[INFO] [stdout]     |                                        |expected `ServoWingPosition`, found `SetServoPositionData`
[INFO] [stdout]     |                                        an argument of type `f32` is missing
[INFO] [stdout]     |
[INFO] [stdout] note: method defined here
[INFO] [stdout]    --> src/main.rs:463:12
[INFO] [stdout]     |
[INFO] [stdout] 463 |     pub fn send_set_servo_posit_command(&mut self, servo_posit: ServoWingPosition, value: f32) -> Result<(), io::Error> {
[INFO] [stdout]     |            ^^^^^^^^^^^^^^^^^^^^^^^^^^^^            ------------------------------  ----------
[INFO] [stdout] help: provide the argument
[INFO] [stdout]     |
[INFO] [stdout] 598 |         fc.send_set_servo_posit_command(/* types::ServoWingPosition */, /* f32 */);
[INFO] [stdout]     |                                        ~~~~~~~~~~~~~~~~~~~~~~~~~~~~~~~~~~~~~~~~~~~
[INFO] [stdout] 
[INFO] [stdout] 
[INFO] [stdout] error[E0061]: this method takes 2 arguments but 1 argument was supplied
[INFO] [stdout]    --> src/main.rs:598:12
[INFO] [stdout]     |
[INFO] [stdout] 598 |         fc.send_set_servo_posit_command(data);
[INFO] [stdout]     |            ^^^^^^^^^^^^^^^^^^^^^^^^^^^^------
[INFO] [stdout]     |                                        ||
[INFO] [stdout]     |                                        |expected `ServoWingPosition`, found `SetServoPositionData`
[INFO] [stdout]     |                                        an argument of type `f32` is missing
[INFO] [stdout]     |
[INFO] [stdout] note: method defined here
[INFO] [stdout]    --> src/main.rs:463:12
[INFO] [stdout]     |
[INFO] [stdout] 463 |     pub fn send_set_servo_posit_command(&mut self, servo_posit: ServoWingPosition, value: f32) -> Result<(), io::Error> {
[INFO] [stdout]     |            ^^^^^^^^^^^^^^^^^^^^^^^^^^^^            ------------------------------  ----------
[INFO] [stdout] help: provide the argument
[INFO] [stdout]     |
[INFO] [stdout] 598 |         fc.send_set_servo_posit_command(/* types::ServoWingPosition */, /* f32 */);
[INFO] [stdout]     |                                        ~~~~~~~~~~~~~~~~~~~~~~~~~~~~~~~~~~~~~~~~~~~
[INFO] [stdout] 
[INFO] [stdout] 
[INFO] [stdout] error[E0061]: this function takes 1 argument but 2 arguments were supplied
[INFO] [stdout]    --> src/main.rs:652:5
[INFO] [stdout]     |
[INFO] [stdout] 652 |     crc_init(unsafe { &mut CRC_LUT }, CRC_POLY);
[INFO] [stdout]     |     ^^^^^^^^                        ----------
[INFO] [stdout]     |                                     | |
[INFO] [stdout]     |                                     | unexpected argument
[INFO] [stdout]     |                                     help: remove the extra argument
[INFO] [stdout]     |
[INFO] [stdout] note: function defined here
[INFO] [stdout]    --> src/types.rs:192:14
[INFO] [stdout]     |
[INFO] [stdout] 192 | pub const fn crc_init(poly: u8) -> [u8; 256] {
[INFO] [stdout]     |              ^^^^^^^^ --------
[INFO] [stdout] 
[INFO] [stdout] 
[INFO] [stdout] error[E0061]: this function takes 1 argument but 2 arguments were supplied
[INFO] [stdout]    --> src/main.rs:652:5
[INFO] [stdout]     |
[INFO] [stdout] 652 |     crc_init(unsafe { &mut CRC_LUT }, CRC_POLY);
[INFO] [stdout]     |     ^^^^^^^^                        ----------
[INFO] [stdout]     |                                     | |
[INFO] [stdout]     |                                     | unexpected argument
[INFO] [stdout]     |                                     help: remove the extra argument
[INFO] [stdout]     |
[INFO] [stdout] note: function defined here
[INFO] [stdout]    --> src/types.rs:192:14
[INFO] [stdout]     |
[INFO] [stdout] 192 | pub const fn crc_init(poly: u8) -> [u8; 256] {
[INFO] [stdout]     |              ^^^^^^^^ --------
[INFO] [stdout] 
[INFO] [stdout] 
[INFO] [stdout] error: aborting due to 16 previous errors; 2 warnings emitted
[INFO] [stdout] 
[INFO] [stdout] 
[INFO] [stdout] Some errors have detailed explanations: E0061, E0063, E0425, E0599.
[INFO] [stdout] 
[INFO] [stdout] For more information about an error, try `rustc --explain E0061`.
[INFO] [stdout] 
[INFO] [stdout] error: aborting due to 16 previous errors; 2 warnings emitted
[INFO] [stdout] 
[INFO] [stdout] 
[INFO] [stdout] Some errors have detailed explanations: E0061, E0063, E0425, E0599.
[INFO] [stdout] 
[INFO] [stdout] For more information about an error, try `rustc --explain E0061`.
[INFO] [stdout] 
[INFO] [stderr] error: could not compile `preflight` (bin "preflight") due to 17 previous errors; 2 warnings emitted
[INFO] [stderr] warning: build failed, waiting for other jobs to finish...
[INFO] [stderr] error: could not compile `preflight` (bin "preflight" test) due to 17 previous errors; 2 warnings emitted
[INFO] running `Command { std: "docker" "inspect" "2a4cecd1c91feb86abfc459b3faabc4c66dd89716aba643577e1e31f42599b1f", kill_on_drop: false }`
[INFO] running `Command { std: "docker" "rm" "-f" "2a4cecd1c91feb86abfc459b3faabc4c66dd89716aba643577e1e31f42599b1f", kill_on_drop: false }`
[INFO] [stdout] 2a4cecd1c91feb86abfc459b3faabc4c66dd89716aba643577e1e31f42599b1f
